8*l**2. Give g(0).
-7
Let y(c) = -c + 1. Let k(u) = 5*u. Let d(p) = -k(p) - y(p). Let q = -14 + 13. What is d(q)?
3
Let v(d) = -6*d**2 + d + 1. Let n(k) be the third derivative of -k**5/60 + k**4/24 + k**3/6 + 2*k**2. Let r be n(-1). Determine v(r).
-6
Let o(f) be the third derivative of -f**5/60 + f**4/24 + 5*f**3/2 - 2*f**2. What is o(0)?
15
Let v be (-2)/(-7) + 38/14. Let k(b) = b + 2*b**2 - 3*b + b**v + b + 2 + 3*b**2. Suppose 0 = -5*n - 19 - 6. Calculate k(n).
7
Suppose 0 = 3*g + 22 - 1. Let v(s) = 3*s + 9. Determine v(g).
-12
Let r be -3 + 2 + -1 - 0. Let y be 9/15 - r/5. Let s(i) = i - i - 1 + 2*i. What is s(y)?
1
Let f(r) be the second derivative of -r**4/12 - r**3 - 2*r**2 - r. Suppose l + 15 = -2*l. Determine f(l).
1
Let g be (14/(-4))/((-1)/2). Suppose g*d + 5 = 2*d. Let p(c) = 8*c**2 + 2*c + 1. Calculate p(d).
7
Suppose 12*n - 8 = 16*n. Let r(v) = 3*v**2 + 3*v. Give r(n).
6
Let j = 5 + -3. Let u(k) = 5*k - 2 - k + 2 + j*k**2. Determine u(-3).
6
Let b(u) = 3*u + 1. Suppose -3 + 0 = 3*g. Determine b(g).
-2
Let s(a) be the first derivative of a**6/24 - a**5/30 + a**4/24 + a**2/2 - 3. Let m(d) be the second derivative of s(d). Give m(1).
4
Let z(a) = a**2 - 5*a - 6. Let m(x) = -2*x - 5. Let c be m(-5). Give z(c).
-6
Suppose -2 = 3*f - 17. Let h = 9 + -7. Let a(b) = 3 + 2*b + 1 - 2 - 4*b**2 + f*b**h. Determine a(-2).
2
Suppose -3*a + 4 = 13, -2*a = -2*o + 12. Let q(p) = -2*p - 2*p + 6*p**2 + 0*p**3 + p**3 - 6 - o*p**2. Calculate q(-4).
-6
Let t(u) = u**3 + 7*u**2 + 6*u - 5. Suppose 0*k = 2*k + 8. Let a = -10 - k. Give t(a).
-5
Let x(h) be the first derivative of 2 + h + 3/2*h**2. What is x(4)?
13
Let t = 1 - -1. Suppose 4*o + 10 = -t. Let w(s) = -s + 4. Calculate w(o).
7
Let z(n) = -2*n**3 - 3*n**2 - 3*n - 1. Suppose 2*m = -2 - 2. Give z(m).
9
Suppose 5 = 5*m - 10. Let j(w) = -m*w + w + w + 4. Determine j(5).
-1
Suppose -8*t = -4*t + 8. Suppose -f = f - 4. Let j(a) = 0*a**f + 0*a - 3 - a**3 - 2*a**2 - 3*a. Give j(t).
3
Let p = -8 - -7. Let r(i) be the second derivative of i**3/6 - i**2/2 + i. Calculate r(p).
-2
Let h(d) be the third derivative of -d**6/120 + d**5/10 - d**4/3 + d**3/2 - 6*d**2. What is h(5)?
-12
Let c = 5 + -9. Let u(t) = 4 + 42*t + 6*t**2 - 36*t - 4*t**2. Give u(c).
12
Suppose -5*v + v + 16 = 0. Let p be 2 - ((0 - 2) + 0). Suppose -v*n + p*y = -n - 6, y = -5*n - 13. Let m(f) = -3*f + 2. What is m(n)?
8
Suppose 0 = -n + 1. Suppose n - 7 = -c. Let s(m) = 4*m - c*m + m**2 + m - 1. Determine s(0).
-1
Let z = 124 + -126. Let n(v) = -2*v**2. Calculate n(z).
-8
Suppose 5*h - 4*t + 6 + 15 = 0, 3*t + 23 = -4*h. Let k(d) = -6*d**3 + d**2 - 3. Let g(y) = -7*y**3 + 2*y**2 - y - 3. Let o(s) = -5*g(s) + 6*k(s). What is o(h)?
-3
Let t(d) = d**3 - 9*d**2. Let c(s) = s**3 - 9*s**2. Let j(m) = 3*c(m) - 2*t(m). Calculate j(9).
0
Let p(y) = -y**2 - 6*y + 9. Let o be (-5)/(60/81) + (-4)/16. What is p(o)?
2
Let c(p) = p**3 + p**2 + p + 6. Let v = 2 - 2. Determine c(v).
6
Let g(f) = -f + 6. Let k be g(-6). Let m be (2/4)/((-2)/k). Let j(s) be the first derivative of s**3/3 + s**2 - s + 11. Give j(m).
2
Let m(l) be the third derivative of l**5/30 + l**4/8 - 3*l**2. Give m(-2).
2
Let i(r) = r**3 - r - 2. Suppose 0 = -h - 1 + 7. Let k(z) = -z - 1. Let n(o) = -6*o + 1. Let v(a) = -5*k(a) + n(a). Let w be v(h). Calculate i(w).
-2
Suppose -v - 3*f - 18 = 4*v, -3*v + 3*f - 30 = 0. Let q be -2 + 0*(-2)/v. Let c be 1/2*(-4)/q. Let p(u) = -u**2 + 2*u - 1. What is p(c)?
0
Let f(y) = -3*y - 11. Let c be 6/(-10) - 280/(-50). Let r(j) = j + 5. Let b(q) = c*r(q) + 2*f(q). Give b(-3).
6
Let s(m) = -6*m**2 - 41*m + 6. Let f(n) = n**2 + 8*n - 1. Let u(p) = 11*f(p) + 2*s(p). Give u(7).
-6
Let x(l) = -22*l + 11*l - 1 + 4*l**2 + 0*l**2 + 10*l. Determine x(2).
13
Suppose -9*j + 16*j = -21. Let k(x) be the third derivative of -x**6/120 - x**5/12 - 5*x**4/24 - 2*x**3/3 + x**2. Calculate k(j).
-7
Let r = 10 - 19. Let x = 5 + r. Let g(w) = 4*w**2 - 5*w - 1. Let j(k) = 3*k**2 - 5*k - 1. Let n(i) = -4*g(i) + 5*j(i). Calculate n(x).
3
Let y(f) be the third derivative of 1/24*f**4 - 1/60*f**5 + 0 + 0*f + 2/3*f**3 + 3*f**2. What is y(-3)?
-8
Let h(w) = 11*w - 15. Let v(n) = 5*n - 7. Let p(u) = 6*h(u) - 13*v(u). Give p(-3).
-2
Let t(x) = -1 - 1 + x - 5 + 3. Let z(d) = -d**2 + 6*d + 9. Suppose -4*a + 12 = 2*j + 2*j, -2*j + 2*a = -22. Let g be z(j). Determine t(g).
-2
Let f(n) be the first derivative of -n**2/2 + 1. Let m be (-2 + 2)/(-2) + 0. Suppose 0 = d + 2*c - 2, d - 1 = -3*c - m. Give f(d).
-4
Let j = 2 + -6. Suppose 0 = -3*r + 4*r - 1. Let t(m) = 1 - 3*m + m - 1 + r. Give t(j).
9
Let t(i) = -6*i - 4. Let y(s) = 5*s + 3. Let a(f) = -2*t(f) - 3*y(f). Let q(r) = -r + 1. Let l be q(3). Give a(l).
5
Let r(a) = a - 5. Let m be r(8). Let i = 0 - m. Let n = i + -1. Let h(f) = f + 1. Determine h(n).
-3
Let p(q) be the second derivative of -5*q**4/12 + q**2/2 - 2*q. Let o(k) = k - 5. Let s be o(6). Suppose 0*a = a - s. What is p(a)?
-4
Let z(n) = 14*n**3 + n**2 + n + 1. Suppose 0 = -5*r - 5*d, -r + d + 3 = 5*d. What is z(r)?
-13
Let l(d) = d**3 + 4*d**2 - 3. Let m(a) = a - 7. Let t be m(4). Calculate l(t).
6
Let o(r) = r**3 + 3*r**2 - 4*r - 2. Let w = -5 + 1. Let p be o(w). Let h(j) = -j**3 - j**2 + 4*j + 3. Determine h(p).
-1
Let c(f) be the first derivative of 2*f**3/3 - f**2/2 - f + 1. Suppose -d + 11 = 3*s, 3*s + 9 = 6*d - 3*d. Calculate c(s).
5
Let f(g) be the second derivative of -4*g**3/3 - g**2/2 - 7*g. Let y = -2 + 1. Give f(y).
7
Suppose -j = 2*v + 3, -2 = 3*j + 2*v - 1. Let s(m) = m**3 - m**2 + m - 1. Let t(g) = 2*g**3 - g**2 + g - 1. Let l(n) = -6*s(n) + 5*t(n). Determine l(j).
5
Let l(x) = 2*x - 2. Let y(b) be the second derivative of -b**5/20 - 5*b**4/12 - 5*b**3/6 - b. Let k be y(-4). What is l(k)?
6
Let d(v) = -v**3 - 2*v**2 + v - 1. Suppose 28 = -4*k - y - 3*y, 20 = -4*y. Determine d(k).
-3
Let r be 3/((-14)/(-4) + -2). Let v(i) = -19 + 4*i - 22 + 41. Calculate v(r).
8
Let g(q) be the first derivative of 3*q**2/2 + q + 5. Suppose 2 + 4 = s. Suppose 3*p + 15 = v, 4*p - p = -2*v - s. What is g(v)?
10
Let x be 0/1 + (5 - 0). Let c = -31 + 32. Let w(s) = s**2 - 5*s + 5. Let k(i) = 1. Let h(y) = c*w(y) - 2*k(y). What is h(x)?
3
Let x(q) = 7*q + 11 - 21 + 11. Calculate x(-1).
-6
Let n = -10 + 6. Let y = n - -4. Let p(m) = -5*m**2 + m**2 + 1 + m**2 + y. What is p(-1)?
-2
Let p(j) = -5*j**2 - 11*j + 5. Let v(t) = -9*t**2 - 21*t + 9. Let f(y) = 11*p(y) - 6*v(y). What is f(3)?
7
Suppose 2*h - 2*c = 3 + 9, -5*c + 6 = h. Suppose -5*s - h - 4 = 0. Let l(r) = -r**2 - 6*r - 3. Calculate l(s).
5
Let i(u) = u**2 + u. Suppose -7*z + 2*z + 25 = 0. Let j(h) = -14*h**2 - 7*h + 1. Let w(q) = z*i(q) + j(q). Calculate w(1).
-10
Let z(t) be the first derivative of -t**2/2 - 8*t - 1. Suppose -21 = -5*j - k + 1, 2*k = -4*j + 20. Let i be (6 - 8)/(2/j). Calculate z(i).
-4
Let h(t) = -103*t**2 - 1 + 104*t**2 + 9*t - 3. Determine h(-8).
-12
Suppose 3*d = c + 4 - 1, 3*d + 6 = 4*c. Let i(o) be the second derivative of -o**2 + 0 - 1/6*o**3 - c*o. What is i(5)?
-7
Let n(b) = b. Let i(p) = -5*p - 5. Let w(f) = -i(f) - 6*n(f). Give w(9).
-4
Suppose -2*u - u - 4 = 2*x, 3*x - 4 = -2*u. Let q(k) = k**3 + 3*k**2 - 2*k + 2. Give q(u).
-6
Let v(d) be the second derivative of d**3/6 - d**2 - 4*d. Determine v(2).
0
Let d(a) = 5*a**2 + 4*a + 4. Let j(l) = 11*l**2 + 9*l + 8. Let x(q) = -9*d(q) + 4*j(q). Calculate x(3).
-13
Let r(q) = q**3 + q + 1. Let k(a) = 15*a**3 + 3*a**2 - 5. Let z(d) = -5*d**3 - d**2 + 2. Let f(w) = 3*k(w) + 8*z(w). Let v(p) = -f(p) + 4*r(p). Determine v(-2).
-1
Let g(j) = 3*j**2 + 23*j - 9. Let p(y) = -y**2 - 7*y + 3. Let m(u) = 2*g(u) + 7*p(u). Suppose 3*w + 16 = i, -3*w - 4*i + 3 = -1. Determine m(w).
-1
Let i(l) be the second derivative of l**4/4 - l**3/6 + 38*l. Let c(b) = b**3 + 7*b**2 - 9*b - 7. Let z be c(-8). Give i(z).
2
Let l(s) = -s**3 + 3*s**2 + s - 1. Let g be l(3). Let v(u) = -9*u - 7. Let r(b) = -4*b - 3. Let i(p) = 5*r(p) - 2*v(p). What is i(g)?
-5
Let c = 81 - 74. Let m(g) = -g**2 + 8*g - 7. Give m(c).
0
Let c = 3 - 9. Let p(i) = -i + 2. Let z(j) = -1. Let w(u) = p(u) - 2*z(u). Calculate w(c).
10
Let w(p) = 0*p**2 - 4*p - 5*p**3 + 4*p**3 - 5*p**2 + 5. What is w(-4)?
5
Suppose i + i = -3*k - 9, -i - k = 5. Let j(m) = -m**2 - 8*m + 2. Determine j(i).
14
Let m(y) = 